 - -221. What is the tens digit of h?
2
Suppose 0 = -10*m - 3*m - 201850 + 619787. What is the units digit of m?
9
Suppose -60*g + 233825 + 141755 + 639260 = 0. What is the tens digit of g?
1
Suppose -410 = 5*p + t - 84, -4*p - 3*t = 252. What is the tens digit of ((-10218)/p)/1 - 2/(-11)?
5
What is the units digit of (-28012)/(-3) + (-6 - (-272)/48)?
7
Let d = -292 - -295. Let c(v) = v**2 + v - 2. Let y be c(-3). Suppose -3*r = y*f - 115, -39 - 46 = -4*f + d*r. What is the tens digit of f?
2
Suppose -3*x = -2*q - 407, -11 = 2*q - 3. Let z = 244 + x. What is the hundreds digit of z?
3
Let j = 26580 + -18451. Suppose 8*c = 359 + j. What is the hundreds digit of c?
0
Let b = -5414 + 13696. What is the hundreds digit of b?
2
Let o = -131177 + 199895. What is the tens digit of o?
1
Let c = -130 - -140. Let m(a) = a**3 - 4*a**2 - 28*a + 7. What is the hundreds digit of m(c)?
3
Let m be 5684/18 + 2/9. Suppose x - 49 = -4*f + 67, -4*f - m = -3*x. What is the hundreds digit of x?
1
Let l = 145 - -126. Suppose 2*u - 303 = l. What is the tens digit of u?
8
Let c = 4830 + -3314. Suppose -5*i - 4*o = -c, 0 = -o + 4. Let q = i + -207. What is the units digit of q?
3
Suppose -43*m = -622625 + 132855. What is the tens digit of m?
9
Let i = 5123 + -2791. What is the thousands digit of i?
2
Let o(w) = -w**2 - 192*w - 283. What is the units digit of o(-37)?
2
Suppose -u = v - 579 - 1501, -v + 2080 = 4*u. Suppose -4*n = f - 540, -4*f - 2*n + v = -6*n. What is the units digit of f?
4
Let w(s) = -69*s**3 - 3*s**2 - 24*s + 38. What is the units digit of w(-6)?
8
Suppose -5*v - 4*f + 387 = -8*f, 0 = 5*v + 4*f - 403. Let u = 82 - v. Suppose 5*c - 119 = -5*i + 231, u*i = -2*c + 210. What is the tens digit of i?
7
Suppose -7*c + 121 = -250. Let x = c - -342. What is the hundreds digit of x?
3
Let o(z) = 848*z - 1009. What is the units digit of o(12)?
7
Suppose 4*l = 2*c - 4966, 0 = 4*c - 4*l - 13135 + 3183. What is the thousands digit of c?
2
Let q(h) = h**3 - h**2 + 26*h - 52. Let t be q(2). Suppose -4*p - 99*z + 94*z = -5301, z + 5271 = t*p. What is the hundreds digit of p?
3
Suppose -86*z = -259421 + 78993. What is the thousands digit of z?
2
Let j be (-2)/(-6) + 4945/69. What is the tens digit of (28/(-6))/(j/(-14364))?
3
Let j(t) = -3*t**3 + 21*t**2 + 18*t + 22. Let p(h) = -7*h**3 + 42*h**2 + 37*h + 44. Let s(b) = 9*j(b) - 4*p(b). What is the tens digit of s(-20)?
4
Suppose 0 = -38*c + 92309 + 67709. Let l = -2530 + c. What is the units digit of l?
1
Suppose 4*q = -6 - 54. Let m(y) be the first derivative of -y**2 - 19*y - 808. What is the units digit of m(q)?
1
Suppose w - 4570 = -4*v, 0*v + 3*w = -v + 1148. Suppose -v = 9*p - 5147. What is the hundreds digit of p?
4
Let u(t) = -t**2 + 12*t + 16. Let b be u(13). Let w(q) = -8 - 2 + b + 2 + 115*q. What is the hundreds digit of w(1)?
1
Let t = 164 - 165. What is the units digit of (t - (-15)/12) + (-175)/(-20)?
9
Suppose 10*f + 60456 = 16*f - 34710. What is the ten thousands digit of f?
1
Let i = -67318 - -120119. What is the thousands digit of i?
2
Let g(n) = 2*n + 6. Let u be g(-3). Suppose u*v - 972 = -4*v. Suppose 0 = -8*t + v + 85. What is the tens digit of t?
4
Let r(o) = 86*o**3 - 10*o**2 - 31*o + 119. What is the thousands digit of r(5)?
0
Let a(u) = -9*u**2 - 5*u - 32. Let b(j) = -9*j**2 - 4*j - 31. Let m(d) = 5*a(d) - 6*b(d). Let z be m(4). Let x = z + -89. What is the tens digit of x?
7
Suppose 4*p - 3*c - 4 = 0, 2*c - 20 = -p - 2*p. Suppose 5*o + p*i = 10*o - 1568, -o = -2*i - 316. What is the units digit of o?
2
Suppose 0 = -d - 3*n + 407, -3*n = 4*d - n - 1628. What is the hundreds digit of d?
4
Let w(x) = -928*x + 3649. What is the thousands digit of w(-19)?
1
Let r = 27 + -29. Let j be 1 + r - 0 - 30/(-10). What is the units digit of 49 + (j/(-10) - 18/10)?
7
Suppose 160*z - 156*z - 24 = 0. Suppose -2875 = -z*u + 4037. What is the thousands digit of u?
1
Suppose 15 = -3*v, -29*p + 28*p + 4*v + 9355 = 0. What is the thousands digit of p?
9
Let i(w) = 6*w + 12. Let g be (-3 + 24/3)/1. Let z be i(g). Suppose -z = p - 184. What is the tens digit of p?
4
Let p(o) = 26*o**3 - 48*o**2 + 29*o + 16. What is the thousands digit of p(11)?
9
Let c(o) = -o**2 + 4*o + 2. Let b be c(4). Suppose -l - q = -396, q - 788 = -b*l - 0*l. What is the hundreds digit of l?
3
Let t(k) = -29*k**3 - 3*k - 2. Let c be t(-1). Let q = 35 - c. Suppose -8*g - 3*a + 232 = -4*g, -3*a = q*g - 293. What is the tens digit of g?
6
Suppose 321 = 3*s - 1026. Let l = -306 + s. Suppose 5*c + 2*b - 816 + 13 = 0, -l = -c + 4*b. What is the hundreds digit of c?
1
What is the tens digit of (-4*50/20 - -10613) + -4 + -2?
9
Suppose -l - 5203 = -2*k + 2*l, 5*k = 3*l + 12994. Suppose 5*g + 487 = k. What is the hundreds digit of g?
4
What is the ten thousands digit of -9 + (-224)/(-24) + 3*121642/18?
2
Let u = -41 - 33. Let x = u - -134. Let p = x - -202. What is the hundreds digit of p?
2
Let c = -32751 - -50391. What is the hundreds digit of c?
6
Let q(t) = -t**3 + 5*t**2 - 3*t - 4. Let m be q(4). Suppose k - 5*a + 6 = 42, -a - 2 = m. Let w = k + -23. What is the units digit of w?
3
Suppose -4*f = -5*r - 6 - 120, 2*r = -4. What is the units digit of f?
9
Suppose -5*d = -o + 1253, -2*o = -o - 2*d - 1259. Suppose o = 8*p - 865. Suppose -n + 36 + 34 = 4*i, -i = -5*n + p. What is the units digit of n?
4
Suppose 3*d + 3*k - 54978 = 0, -6*k + 5*k - 55006 = -3*d. What is the tens digit of d?
3
Suppose -g + 4 + 18 = -4*f, -5*g = -5*f - 35. Let t(u) = -u + 6. Let c be t(g). What is the tens digit of (-58)/3*(-18)/c?
8
Let a = -216 + 219. Suppose -6*x = -a*x - 2*t - 1888, -x - t = -631. What is the units digit of x?
0
Suppose -1008880 = 8*c - 10*c - 14*c. What is the ten thousands digit of c?
6
Let b(j) = j**3 - 48*j**2 + 120*j + 177. What is the units digit of b(49)?
8
Let o = 5 - -3. Let c be 2/(-10) + 1/15*48. Suppose -4*u - 59 = -x, 213 - o = c*x - 5*u. What is the tens digit of x?
7
Suppose 0 = -3*r + 2*r. Suppose 2*t + r - 4 = 0. Suppose 2*d = -x + 16 + t, -3*d + 29 = x. What is the tens digit of d?
1
Suppose 3*q + 63 = 4*m, -13*q + 12*q = 4*m + 21. What is the tens digit of (-2)/(-14) + (-2958)/q?
4
Suppose 0 = -2*v + 94 + 262. Suppose 2*f = 1072 + v. What is the units digit of f?
5
Let a(b) = -5*b - 19. Let i be a(-7). Suppose 0 = -2*p + 40 + i. Let x(m) = 2*m + 53. What is the units digit of x(p)?
9
Let k(h) = 35*h**2 + h - 2. Suppose -78 = 5*o - 28. Let g be -2*2/(-2)*(-5)/o. What is the units digit of k(g)?
4
What is the tens digit of (-15984)/(-40)*60/24?
9
Let g(p) = 164*p**3 - p**2 + 55*p - 425. What is the hundreds digit of g(6)?
2
Let b be (-1718)/14 - (-22)/(-77). Let u = b - -27. Let f = u - -149. What is the units digit of f?
3
Let o = -13159 + 20395. What is the hundreds digit of o?
2
Let z(v) = -3*v - 14. Let o be ((-4)/2 - -10)/((-14)/(-7)). Suppose -2*y + o*w - 4 = 0, -2*y - 54 = 4*w - 10. What is the units digit of z(y)?
2
Let o be (2/7)/(4/56). Suppose 27 = o*z - v, 5*z + 0*v - 30 = 5*v. What is the tens digit of (-936)/(-21) + -3 - (-3)/z?
4
Let c = 124 - 121. Suppose 0 = 4*i + 8, 0 = c*r + 3*i - i - 308. Suppose r = -4*j + 580. What is the tens digit of j?
1
Let i be 9/6*4/9*141. Let a = -9 + i. Suppose o - 4*l - a = 0, -2*l - 255 = -5*o + 170. What is the tens digit of o?
8
What is the hundreds digit of (9966/77)/(1 - (-100)/(-112))?
2
Let v(c) = -c**3 + 8*c**2 + c - 8. Let l be v(8). Suppose -22*n + 2*n + 40 = l. Suppose 0*d = n*s + 3*d - 355, 2*s + 5*d = 361. What is the units digit of s?
3
Suppose -2*y + 2*w = -63360, 83*y - 63368 = 81*y + 3*w. What is the hundreds digit of y?
6
Suppose 10*q = -9*q + 35286 + 538438. What is the hundreds digit of q?
1
Suppose 88 + 10 = -4*d - g, -5*d - 129 = -2*g. Let b = 25 + d. Suppose b = 2*s, 3*s + 32 - 86 = -3*q. What is the units digit of q?
8
Suppose 0 = u + 6*w - 2*w + 10, 2*w = -u - 4. Suppose u*j = -r + 969, -4*j + 8*r = 5*r - 1953. Suppose -6*p + 54 = -j. What is the units digit of p?
0
Suppose 4*g - 611 = -1111. Let z = 873 + g. What is the hundreds digit of z?
7
Let b(y) = 57*y**2 - 7*y - 8. Let c be b(4). Suppose -7*l - c + 3438 = 0. What is the hundreds digit of l?
3
Let t(z) = -5*z**2 - 1 - 15*z**2 + 5*z + 3*z**2. Let b(j) = -16*j**2 + 6*j. Let h(i) = 3*b(i) - 4*t(i). What i